) in base 7?
-42625
Convert -202121 (base 3) to base 14.
-2ba
-331302 (base 4) to base 15
-1289
What is 4418 (base 9) in base 15?
e72
-2775 (base 8) to base 15
-6c3
What is -4445 (base 11) in base 12?
-3481
What is 23622 (base 10) in base 13?
a9a1
Convert -11231 (base 7) to base 6.
-21132
Convert 5317 (base 8) to base 9.
3714
Convert 564 (base 8) to base 10.
372
Convert 3243324 (base 5) to base 11.
39160
15350 (base 6) to base 10
2514
Convert 2060 (base 8) to base 4.
100300
232200 (base 5) to base 15
276a
Convert -1308 (base 15) to base 6.
-30442
Convert -4342 (base 5) to base 9.
-733
52480 (base 9) to base 4
20131203
Convert dff (base 16) to base 9.
4821
What is -13313 (base 5) in base 2?
-10000111011
Convert 5168 (base 10) to base 8.
12060
What is -10034 (base 8) in base 11?
-310a
What is 10000001011100011 (base 2) in base 15?
14985
468 (base 9) to base 15
1ab
What is -512331 (base 6) in base 2?
-1001111100011111
-104751 (base 8) to base 3
-1210102121
3112 (base 4) to base 5
1324
What is 1aa8 (base 11) in base 3?
10122111
Convert 2240 (base 5) to base 4.
11000
Convert 10b (base 12) to base 2.
10011011
Convert 138 (base 11) to base 13.
c6
What is -b65 (base 16) in base 4?
-231211
What is 11301 (base 10) in base 15?
3536
10001100111001 (base 2) to base 5
242032
What is -382d (base 16) in base 4?
-3200231
Convert 47a2 (base 11) to base 10.
6283
Convert -13 (base 14) to base 5.
-32
1116 (base 12) to base 10
1890
What is 1000341 (base 5) in base 13?
7204
-5f (base 16) to base 7
-164
Convert -32664 (base 9) to base 10.
-21685
-536 (base 15) to base 8
-2230
Convert 111101011011101 (base 2) to base 10.
31453
What is -63c2 (base 13) in base 7?
-55241
-1572 (base 11) to base 3
-2202122
Convert -29324 (base 10) to base 9.
-44202
-106113 (base 8) to base 13
-13469
1210 (base 3) to base 13
39
What is -432 (base 9) in base 10?
-353
-1011100001 (base 2) to base 3
-1000022
Convert -213432 (base 5) to base 2.
-1110011000111
What is -7c1 (base 16) in base 6?
-13105
Convert 10 (base 6) to base 8.
6
Convert -25c (base 16) to base 3.
-211101
-3023112 (base 4) to base 8
-31326
Convert 10000110100 (base 2) to base 15.
4bb
Convert 13033 (base 4) to base 13.
298
What is -11560 (base 8) in base 12?
-2a68
-5254 (base 8) to base 16
-aac
What is -2838 (base 11) in base 16?
-e57
Convert 113056 (base 8) to base 11.
26981
What is 2a2 (base 16) in base 15?
2ee
What is 1270 (base 9) in base 3?
1022100
d8 (base 16) to base 8
330
What is -60 (base 15) in base 14?
-66
-bd0 (base 16) to base 8
-5720
What is 124413 (base 6) in base 2?
10110001111001
What is -2158 (base 14) in base 10?
-5762
What is 26455 (base 12) in base 6?
1042545
-63404 (base 7) to base 6
-200215
What is -350d (base 14) in base 2?
-10010000001001
What is 1300445 (base 6) in base 13?
25c19
What is -8358 (base 13) in base 2?
-100011011101100
What is 1620 (base 8) in base 4?
32100
Convert 5503 (base 8) to base 11.
2191
What is -1011111111000 (base 2) in base 15?
-1c41
What is 17f (base 16) in base 14?
1d5
-32250 (base 6) to base 2
-1000101000110
Convert 323 (base 9) to base 13.
174
11224 (base 5) to base 3
1010011
What is 517 (base 14) in base 10?
1001
What is 14e5 (base 15) in base 6?
32442
What is -1440 (base 13) in base 14?
-10cd
-200302 (base 4) to base 15
-94d
What is -1532 (base 6) in base 16?
-1a0
Convert 15c54 (base 13) to base 7.
232260
-235 (base 9) to base 16
-c2
What is -400011 (base 5) in base 15?
-3a8b
-2017 (base 11) to base 4
-221320
Convert 113455 (base 6) to base 8.
23253
What is 7888 (base 16) in base 5?
1441411
-12012020 (base 3) to base 14
-1546
What is -66 (base 9) in base 10?
-60
-1223 (base 4) to base 6
-255
What is 63b (base 13) in base 9?
1412
323431 (base 5) to base 7
44260
What is -1303 (base 13) in base 7?
-10615
19825 (base 10) to base 11
13993
What is 193 (base 13) in base 10?
289
What is -937 (base 12) in base 11?
-1008
3050 (base 6) to base 10
678
Convert -12311 (base 6) to base 13.
-aba
Convert -12303 (base 7) to base 8.
-6245
Convert -415 (base 11) to base 13.
-2c6
What is 4315 (base 12) in base 14?
297b
-1da (base 15) to base 16
-1ae
Convert 303001 (base 4) to base 14.
1293
What is 2827 (base 14) in base 5?
211331
6033 (base 9) to base 11
3344
Convert 6510 (base 8) to base 5.
102100
Convert 1dc7 (base 16) to base 6.
55143
3333 (base 10) to base 3
11120110
Convert -6472 (base 10) to base 13.
-2c3b
What is 11000 (base 4) in base 12?
228
What is e2b (base 16) in base 2?
111000101011
Convert -677 (base 13) to base 16.
-458
What is 24874 (base 10) in base 7?
132343
-300a (base 12) to base 8
-12112
What is 490 (base 10) in base 7?
1300
What is 30412 (base 6) in base 14?
1688
Convert -11224 (base 5) to base 13.
-4a8
1555 (base 6) to base 7
1154
What is 22064 (base 9) in base 12?
857a
What is -437e (base 15) in base 8?
-33726
Convert -513144 (base 6) to base 15.
-c1ad
Convert 3186 (base 12) to base 16.
1536
What is 32020 (base 6) in base 14?
1816
What is c3a (base 15) in base 8?
5303
What is -40300 (base 7) in base 8?
-23027
185 (base 14) to base 16
139
-2461 (base 10) to base 11
-1938
2015 (base 6) to base 10
443
175 (base 8) to base 11
104
Convert 100111011111 (base 2) to base 8.
4737
Convert -21130 (base 4) to base 7.
-1522
Convert -1657 (base 8) to base 6.
-4211
Convert 34562 (base 8) to base 7.
60606
What is -21512 (base 6) in base 3?
-11002222
Convert -100000101111 (base 2) to base 5.
-31340
Convert 2b7 (base 14) to base 10.
553
Convert -132 (base 6) to base 15.
-3b
What is -5b7d (base 16) in base 15?
-6e16
What is 90 (base 14) in base 5?
1001
Convert 28b7 (base 12) to base 14.
1a31
635b (base 16) to base 12
12877
What is -552 (base 15) in base 12?
-842
Convert -2031113 (base 4) to base 5.
-242142
-17769 (base 11) to base 14
-90d2
10221 (base 3) to base 15
71
-a (base 13) to base 7
-13
What is 5da (base 16) in base 7?
4240
What is 1c2 (base 14) in base 3?
111120
Convert -6626 (base 8) to base 9.
-4684
1321 (base 10) to base 16
529
What is 11354 (base 6) in base 10?
1654
What is -6226 (base 8) in base 10?
-3222
Convert 132634 (base 7) to base 14.
918b
1b13 (base 12) to base 14
12d9
What is -37332 (base 9) in base 3?
-1021101002
-1205 (base 11) to base 9
-2143
What is 2108 (base 12) in base 16?
e18
-111101 (base 2) to base 10
-61
Convert 1100011111100 (base 2) to base 14.
248c
120446 (base 8) to base 2
1010000100100110
-317 (base 13) to base 3
-201112
Convert -24828 (base 9) to base 4.
-10011020
Convert -3d7 (base 15) to base 5.
-12002
34d (base 14) to base 2
1010010001
Convert 20800 (base 11) to base 10.
30250
What is -229c (base 15) in base 11?
-557a
Convert -76a (base 12) to base 11.
-901
-2761 (base 9) to base 5
-31310
Convert -733 (base 12) to base 13.
-627
What is 2012 (base 6) in base 3?
121022
17528 (base 12) to base 9
51055
-2730 (base 13) to base 2
-1010111110000
What is 54734 (base 8) in base 14?
8552
-4269 (base 11) to base 16
-1609
What is 268 (base 10) in base 5?
2033
Convert 1101111122 (base 3) to base 7.
142466
Convert -7909 (base 10) to base 13.
-37a5
-756 (base 9) to base 7
-1542
What is 2476 (base 15) in base 4?
1321101
Convert -73376 (base 8) to base 2.
-111011011111110
What is -3c8 (base 13) in base 10?
-671
What is -119a (base 12) in base 3?
-2201201
What is -4a2 (base 16) in base 9?
-1557
Convert -1423 (base 9) to base 13.
-648
What is 35206 (base 9) in base 4?
11233020
-3658 (base 9) to base 12
-16b2
-10213 (base 4) to base 10
-295
1002001 (base 3) to base 5
11114
What is -111 (base 8) in base 12?
-61
8999 (base 10) to base 13
4133
Convert 12012111 (base 3) to base 9.
5174
Convert -16001 (base 13) to base 2.
-1010001100010000
Convert 358 (base 11) to base 14.
226
Convert 1010 (base 7) to base 13.
20c
Convert b6b7 (base 12) to base 14.
7415
-3200 (base 7) to base 8
-2147
Convert -2033 (base 4) to base 10.
-143
What is -11025 (base 8) in base 12?
-2819
-22212 (base 7) to base 15
-19d0
Convert -2152 (base 12) to base 13.
-1889
What is -440 (base 12) in base 16?
-270
Convert -110101010110 (base 2) to base 7.
-12645
Convert -30122 (base 4) to base 3.
-1002102
What is -233011 (base 7) in base 10?
-41854
-103dc (base 14) to base 11
-274a5
What is 4b78 (base 15) in base 14?
5c12
13451 (base 8) to base 11
4500
-2210 (base 13) to base 9
-6452
535 (base 7) to base